{"id":8,"date":"2014-09-25T10:24:47","date_gmt":"2014-09-25T09:24:47","guid":{"rendered":"http:\/\/www.parolesdetraverse.fr\/?page_id=8"},"modified":"2023-03-14T10:57:45","modified_gmt":"2023-03-14T09:57:45","slug":"a-propos","status":"publish","type":"page","link":"https:\/\/www.parolesdetraverse.fr\/?page_id=8","title":{"rendered":"A propos"},"content":{"rendered":"<p style=\"text-align: center;\"><strong>A propos<\/strong><\/p>\n<p><em>Paroles de traverse<\/em> ? Ecrits plut\u00f4t, qui traversent des territoires divers au gr\u00e9 des rencontres, traitant de sujets de soci\u00e9t\u00e9, ou politiques, ou litt\u00e9raires et culturels, et dont le plus ancien, consacr\u00e9 \u00e0 un retour sur mai 68, sugg\u00e8re quelques \u00e9l\u00e9ments d\u2019un fil conducteur.<\/p>\n<p>Le blog \u00e9chappe \u00e0 la contrainte de l\u2019actualit\u00e9 et au culte de la vitesse. Il publie des articles d\u2019un format \u00e9tendu (l\u2019\u00e9quivalent de 10 \u00e0 20 pages). Il est \u00e0 tonalit\u00e9 philosophique \u2013 c\u2019est mon go\u00fbt et ma\u00a0formation. Bien qu\u2019usant de r\u00e9f\u00e9rences philosophiques, il se veut accessible au plus grand nombre.<\/p>\n<p>Ces publications sont espac\u00e9es : si vous souhaitez suivre leur \u00e9dition, cliquez sur \u201cs\u2019abonner au site\u201d \u00e0 la page d\u2019accueil.<\/p>\n<p style=\"text-align: center;\"><strong>Images d&rsquo;en-t\u00eate<\/strong><\/p>\n<p><strong>Thon<\/strong> de Marc Morvan, \u00e9v\u00e8nement R\u00eavoport, Concarneau, 2012<\/p>\n<p><strong>Orchestre de jazz, <\/strong>huile sur papier, Martine Lips, 1998<\/p>\n<p><strong>Bhubaneswar,<\/strong> Orissa, Inde, 2009: trois visages d&rsquo;enfants, trois expressions \u00a9<\/p>\n<p><strong>Orgosolo,<\/strong> le village aux peintures murales, Sardaigne, 1983. \u00ab\u00a0Femmes unies pour l\u2019\u00e9mancipation et la lib\u00e9ration et pour une vraie parit\u00e9 dans la famille et dans le monde\u00a0\u00bb &#8211; \u00ab\u00a0femmes et hommes unis dans la lutte\u00a0\u00bb &#8211; \u00ab\u00a08 mars 1908, dans une fabrique \u00e0 New-York City, 128 femmes, enferm\u00e9es par le patron, sont mortes dans un incendie.\u00a0\u00bb<\/p>\n<p>&nbsp;<\/p>\n<p>&nbsp;<\/p>\n<p>&nbsp;<\/p>\n","protected":false},"excerpt":{"rendered":"<p>A propos Paroles de traverse ? Ecrits plut\u00f4t, qui traversent des territoires divers au gr\u00e9 des rencontres, traitant de sujets de soci\u00e9t\u00e9, ou politiques, ou litt\u00e9raires et culturels, et dont le plus ancien, consacr\u00e9 \u00e0 un retour sur mai 68, &hellip; <a href=\"https:\/\/www.parolesdetraverse.fr\/?page_id=8\">Continuer la lecture <span class=\"meta-nav\">&rarr;<\/span><\/a><\/p>\n","protected":false},"author":1,"featured_media":0,"parent":0,"menu_order":0,"comment_status":"closed","ping_status":"open","template":"","meta":{"footnotes":""},"class_list":["post-8","page","type-page","status-publish","hentry"],"_links":{"self":[{"href":"https:\/\/www.parolesdetraverse.fr\/index.php?rest_route=\/wp\/v2\/pages\/8","targetHints":{"allow":["GET"]}}],"collection":[{"href":"https:\/\/www.parolesdetraverse.fr\/index.php?rest_route=\/wp\/v2\/pages"}],"about":[{"href":"https:\/\/www.parolesdetraverse.fr\/index.php?rest_route=\/wp\/v2\/types\/page"}],"author":[{"embeddable":true,"href":"https:\/\/www.parolesdetraverse.fr\/index.php?rest_route=\/wp\/v2\/users\/1"}],"replies":[{"embeddable":true,"href":"https:\/\/www.parolesdetraverse.fr\/index.php?rest_route=%2Fwp%2Fv2%2Fcomments&post=8"}],"version-history":[{"count":39,"href":"https:\/\/www.parolesdetraverse.fr\/index.php?rest_route=\/wp\/v2\/pages\/8\/revisions"}],"predecessor-version":[{"id":1482,"href":"https:\/\/www.parolesdetraverse.fr\/index.php?rest_route=\/wp\/v2\/pages\/8\/revisions\/1482"}],"wp:attachment":[{"href":"https:\/\/www.parolesdetraverse.fr\/index.php?rest_route=%2Fwp%2Fv2%2Fmedia&parent=8"}],"curies":[{"name":"wp","href":"https:\/\/api.w.org\/{rel}","templated":true}]}}